What is the remainder when 379 is divided by s?
43
Suppose -129*h + 3494 = 93*h - 1390. Let z(m) = -11*m - 1. What is the remainder when z(-7) is divided by h?
10
Let d = -1761 + 2093. What is the remainder when d is divided by 109?
5
Let c(j) = j**2 + 29*j - 129. Calculate the remainder when c(-61) is divided by 15.
8
Suppose 4*h - 199 = -5*y, -2 - 2 = h. What is the remainder when y is divided by 182/10 - 5/25?
7
Let b(j) = -j**2 - 42*j - 417. Calculate the remainder when (-9136)/(-96) - (-2)/(-12) is divided by b(-20).
3
Suppose 3*p - 4*m + m - 39 = 0, -8 = -2*m. What is the remainder when 41 is divided by (-3 - -9) + (p - 0)?
18
Let j = 1743 - 1455. Calculate the remainder when 1153 is divided by j.
1
Let m = 62 - -246. Suppose -569*y = 159*y - 1247 - 8217. Calculate the remainder when m is divided by y.
9
Let v(g) = -92*g + 1375. Calculate the remainder when 153 is divided by v(14).
66
Let b be 6/18 + 23/3. Suppose -12*m + 14*m - b = 0. Suppose 0 = m*d - 16. Calculate the remainder when 15 is divided by d.
3
Suppose p + 2*u - 3149 = 0, 7012 - 712 = 2*p + 5*u. What is the remainder when p is divided by 42?
37
Let k = -601 + 617. What is the remainder when (-406)/(-6) - 8/12 is divided by k?
3
Suppose -155 - 203 = -40*r + 2. Let y = -33 + 48. Calculate the remainder when y is divided by r.
6
Calculate the remainder when 830 is divided by (-9 - -33)*-3*1*(-253)/44.
2
Suppose -2*t = -4*u - 8494, -3*t = 144*u - 148*u - 12749. What is the remainder when t is divided by 28?
27
Suppose -3*l + 28 = -26. Suppose f = -u + l, -59 = -2*u - f - 22. Let g = 227 + -222. What is the remainder when u is divided by g?
4
Suppose -f - 4*q = -551, -34*q + 38*q = -20. Calculate the remainder when f is divided by 106.
41
Suppose 3*b - 5*r + 414 = 0, 0 = 4*b + 5*r + 283 + 234. Let q = -113 - b. Calculate the remainder when q is divided by 5.
0
Let t be (-3)/2*(1 + -14 - -3). Suppose 54*v = 55*v + t. What is the remainder when 45 is divided by 1*((-100)/v + (-2)/3)?
3
Let s = -921 + 1234. Let p = 239 - 210. What is the remainder when s is divided by p?
23
Let s(t) = t**3 - 17*t**2 + 4*t - 66. Let h be s(17). Suppose 2*a = -5*n + 68, -h*n = -3*a + 76 - 12. What is the remainder when 45 is divided by a?
21
Suppose 2*m = -0*m - 3*f + 3, f = 1. Suppose -2*s + 3*s - 109 = m. Calculate the remainder when s is divided by 10/(-15)*(-30)/(-4)*56/(-10).
25
Let i = 14 - 11. Let c(t) = t + 15. Let x(w) = -w**3 + 12*w**2 + 6*w - 1. What is the remainder when x(12) is divided by c(i)?
17
Let h = -23393 - -29361. Calculate the remainder when h is divided by 15.
13
Suppose 5*w = -r - 43, -5*w = r - 6*r + 25. Let q(n) = 2*n**3 + 17*n**2 + n - 9. Calculate the remainder when 231 is divided by q(w).
43
Suppose -9*x + 242 = 35. What is the remainder when 1162 is divided by x?
12
Suppose w = -9*w + 640. Calculate the remainder when 525/(-75) - w*-3 is divided by 66.
53
Let m = 27259 - 27059. Calculate the remainder when 4587 is divided by m.
187
Let w be ((-9)/18)/((3 - 5)/(-3000)). Let n = -535 - w. What is the remainder when n is divided by 55?
50
Suppose 0 = -95*r + 138587 + 9855 + 26263. Calculate the remainder when r is divided by 367.
4
Let p be (3 - 1) + (-1 + 1 - -2). Calculate the remainder when (4 + (-3 - -1))*58/p is divided by 13.
3
Suppose 1092 - 216 = 3*h. Suppose -h = 7*l - 9*l. Let c = -1233 + 1254. Calculate the remainder when l is divided by c.
20
Let s(r) = 529*r + 17. Let k be s(-3). What is the remainder when k/(-12) - (-10)/(70 - 10) is divided by 28?
19
Let k(v) = -23*v - 636. What is the remainder when 3*-1 - (-587 + -2) is divided by k(-29)?
28
Let s(l) = -91*l**2 + 2*l + 552. What is the remainder when s(0) is divided by 191?
170
Let a = 211 + -186. Let q be 3/7 + 1449/49. Suppose q = 4*f - 10. What is the remainder when a is divided by f?
5
Let f be (2/(-6))/(-2 + 50/30). Suppose -2*a - 2*a + 72 = 0. Calculate the remainder when a is divided by 7 - 0*f/(-7).
4
Let z be (21 - 16)*134*(-1)/5. Let a = z - -138. Suppose 3*d - 4 = -a*t + 25, 0 = -3*t - 2*d + 22. Calculate the remainder when 37 is divided by t.
5
Suppose -12 = 6*g + 6*g. Let y be (3/1)/(0 + g). Calculate the remainder when 47 is divided by 2/y + 380/30.
11
Let u(c) = 40*c + 3. Let b be u(-3). Suppose 5*q - 7*q + 18658 = -4*w, -4*w + 3*q - 18663 = 0. What is the remainder when w/b + (-2)/(-13) is divided by 14?
12
Let t = 10156 - 10130. Calculate the remainder when 1234 is divided by t.
12
Let m be ((-138)/18 + 3)*6/(-7). Suppose 0 = -f - 0*f + q + 35, -4*q = m*f - 100. What is the remainder when f is divided by 10?
0
Suppose 0 = 254*r - 223248 - 16020. What is the remainder when r is divided by 309?
15
Suppose 3*z = -i - 2*z + 108, 4*i - z - 432 = 0. Suppose 2646 = 5*s - 449. Suppose 0 = 7*f + i - s. What is the remainder when f is divided by 27?
19
What is the remainder when 50 is divided by (15 + 1)*(-55 - -58)?
2
Suppose 1076 = -3*a + 2*x, 7 = 2*x + 5. Let n = a + 379. Calculate the remainder when n is divided by 14.
7
Let c = -10052 - -10624. What is the remainder when c is divided by 565?
7
Let t(i) = -26*i - 576. Calculate the remainder when t(-29) is divided by 47.
37
Suppose -v + 43 + 11 = 0. Suppose w = -4*i + 52, -5*i + 20 = -54*w + 53*w. What is the remainder when v is divided by w?
14
Let t = -117 - 129. Let b = -229 - t. What is the remainder when 31 is divided by b?
14
Let h be (-11)/((-440)/170) + 2/(-8). Suppose -2*o - 3*v = -184, -o + h*v = -78 + 8. What is the remainder when o is divided by 29?
28
Let c = 206 + -193. Suppose c*r - 7*r = 354. What is the remainder when r is divided by 16?
11
What is the remainder when 663/12*5/(50/560) is divided by 771?
10
Let x = -779 + 867. Let c(y) = 179*y - 17. Calculate the remainder when c(5) is divided by x.
86
Let d be 75*4 + -5*(0 + 1). Let p = 388 + d. Calculate the remainder when p is divided by 19.
18
Suppose -4*m - 69 - 36 = -b, -112 = -b - 3*m. Calculate the remainder when 870 is divided by b.
107
Calculate the remainder when (-2802)/(-10)*(-150)/(-90) is divided by 191.
85
Let g be 969/190 - 1/10. Suppose -5*s = -x + 41, -3*x + g*s = -97 + 4. Calculate the remainder when x is divided by 7.
5
Let a(i) = -5*i + 79. Let m be a(-19). Suppose 3*y + 3*l - m = -y, 2*y - 92 = l. What is the remainder when 269 is divided by y?
44
Let m(k) = 2*k**2 - 4*k - 19. Let q be m(10). Let u = 98 - q. Let i = u + 44. What is the remainder when 2 is divided by i?
0
What is the remainder when (-33)/55*1/2 - 52031/(-70) is divided by 149?
147
Suppose 21*z - 25*z + 16 = 0. Suppose 0*u + 2*u + 194 = z*q, -2*u - 2 = 0. Let g = -63 + 89. What is the remainder when q is divided by g?
22
Suppose 2*i + 39 = c, i - 6*i - 117 = -3*c. Suppose -174*p = -187*p + c. Calculate the remainder when 53 is divided by p.
2
Let v(l) = 6*l + 160. Let h be v(34). Suppose h - 268 = 4*d. What is the remainder when 839 is divided by d?
23
Suppose 6*i - 163 = -43. Suppose i = 6*o - 2*o. Calculate the remainder when 20 is divided by o.
0
Calculate the remainder when 6084 is divided by 1 + 20 + -17 + (-13 + 31 - 8).
8
Suppose -7*a + 2084 = -569. Calculate the remainder when a is divided by 8.
3
Let t = 529 + -459. Calculate the remainder when 58 is divided by (-10)/(t/(-49)) - -1*2.
4
Let x(l) = -5*l**2 + 13*l - 16. Let n(q) = 2*q**2 + q. Let y(r) = 3*n(r) + x(r). Calculate the remainder when 70 is divided by y(-18).
10
Let v(c) = 2*c**3 + 5*c**2 + 62*c - 396. Calculate the remainder when v(8) is divided by 72.
4
Suppose -5*a + 862 - 245 = -11*q, 0 = 4*a - 3*q - 453. Calculate the remainder when 1025 is divided by a.
53
Let o = -1105 - -1181. Calculate the remainder when 219 is divided by o.
67
Suppose -3*o = 4*v - 96, -2*o - 64 = -3*v + 25. Let c be 4 - (2 + -3 - -78). Let s = 206 + c. What is the remainder when s is divided by v?
25
Suppose 0*w = 3*w - 5*r + 6, -5*w + 27 = 4*r. Suppose 2*o - 4 = k - 34, 4*k - 76 = -w*o. What is the remainder when 81 is divided by k?
15
Suppose -3508 - 1505 = -2*q - 3*w, -2503 = -q + 2*w. What is the remainder when q is divided by 38?
35
Let s be (8 + 432/(-60))*58*-5. Let t = 243 + s. Calculate the remainder when 109 is divided by t.
10
Suppose -44363 = -11*z - 8349. What is the remainder when z is divided by 12?
10
Let i = -462 - -479. Suppo